.
45
Let u = -1691 - -1714. Let t(c) = 8*c**2 - 4*c + 4. Let p = 5 + 0. Let s be t(p). Calculate the highest common factor of s and u.
23
Suppose -5*z = 73*z - 7410. Let s be (4/(-10))/(2/(-10)). Suppose -190 = -s*q - 3*q. What is the highest common divisor of z and q?
19
Suppose 3*m = 3*t + 11 + 247, -5*t = 2*m - 158. Calculate the greatest common divisor of m and 21.
21
Suppose 0*m + 30 = 6*m. Calculate the highest common factor of m and 65.
5
Suppose -1899 = -8*x - 3*w, 13*w - 9*w - 715 = -3*x. What is the greatest common factor of x and 3?
3
Suppose 3*s - 3*q + 8 = 44, -6 = -2*s - 4*q. Let m = -5 + 17. Suppose -11*a + m = -s*a. What is the greatest common divisor of a and 18?
6
Let o(p) = 69*p**2 + 2*p + 1. Let i be o(-1). Suppose -6*x - i = -2*x. Let j be 4 - 2 - (x + 4). Calculate the highest common divisor of j and 120.
15
Let a(x) = 18*x**3 - 63*x**2 + 2*x - 2. Let y be a(4). What is the highest common divisor of 525 and y?
75
Let u = -625 + 678. Calculate the greatest common divisor of u and 371.
53
Let j(s) = -s + 21. Let p be j(0). Calculate the highest common divisor of p and 273.
21
Suppose 0 = 18*n - 5*n - 702. Calculate the highest common divisor of n and 216.
54
Let x = -1204 + 1217. What is the highest common factor of x and 247?
13
Let t(s) = 32*s - 310. Let a be t(31). What is the highest common divisor of a and 62?
62
Suppose p - 2*p + 13 = 3*n, n - 19 = -4*p. Let z be 0/5 + p + -1. Suppose s - 117 = -2*t - z*t, -5*s - 39 = -t. What is the highest common factor of t and 6?
6
Let b be 271 - (-4)/(32/(-24)). Calculate the highest common factor of 67 and b.
67
Suppose 0*b - 3*b - 2*u = -11, -3*u + 4 = 2*b. Let x be (b/3 - 3)*-57. What is the greatest common factor of x and 38?
38
Let w = -74 + 76. Calculate the greatest common divisor of 10 and w.
2
Suppose -3*p = 8 - 14. Suppose x + s - 2 = 2, 0 = -5*x - p*s + 23. Calculate the highest common factor of x and 70.
5
Let k(l) = -73*l + 14. Let x be k(7). Let a be x/(-63) + (-1)/(-9). Let m = a - -69. Calculate the greatest common factor of 7 and m.
7
Suppose 5*z - 4*f - 141 = 0, -5*z + z + 4*f + 116 = 0. Let t be 6 + z - (4 - 1). What is the highest common divisor of 28 and t?
28
Suppose 2*l - 6 = 4*t, 4*l + t = -0*t + 21. Let h = -81 + 158. Suppose -l = 3*b - h. What is the greatest common factor of b and 8?
8
Let i(f) = f**3 - 58*f**2 - 56*f - 24. Let d be i(59). Calculate the greatest common factor of 68 and d.
17
Suppose 124*y - 119*y - 9855 = 0. What is the greatest common factor of 73 and y?
73
Suppose y = -2*y - z - 29, 5*y - z = -35. Let b(u) = u**2 - 9*u + 20. Let a be b(y). What is the highest common divisor of 12 and a?
12
Let t be (-56)/42*(-3)/2*10. Calculate the greatest common divisor of t and 52.
4
Let z = -10 - -26. Let b = 225 + -185. Calculate the greatest common divisor of z and b.
8
Suppose 0*x = 3*x - 90. Let a be (18/(-8))/(x/(-80)). Let w = 25 - 16. Calculate the highest common divisor of a and w.
3
Let w be (-2828)/(-6) - 15/45. Suppose -3*r - 3*f - w = 0, f - 767 = 6*r - r. Let h = 271 + r. What is the greatest common divisor of 13 and h?
13
Let c(f) = -f**3 - 11*f**2 + 15*f + 181. Let g be c(-11). Let h = 161 - 113. Calculate the highest common divisor of h and g.
16
Let b be 51552/352 + (-12)/(-22). Calculate the highest common factor of 392 and b.
49
Suppose 4*t - 5*n + 7 = 0, -4*t + 4 = -5*t + 2*n. Suppose -3*c = -5*g + 55, c + 27 = t*g + 4. Calculate the highest common divisor of 2 and g.
2
Let g = -459 - -557. Calculate the highest common divisor of g and 42.
14
Let q = 1004 + -104. What is the highest common divisor of q and 40?
20
Let o(h) = -3*h**3 - 13*h**2 + 4*h + 16. Let t be o(-7). What is the greatest common divisor of 57 and t?
19
Suppose 4*k = -k. Suppose k = -p + 6 + 10. Let v be (-3)/((-253)/(-128) - 2). What is the highest common factor of v and p?
16
Suppose 0 = p - 5*p + 3*b + 5, -5*b = -p - 20. Suppose -p*u - 13 = -3. Let m be u/(-4)*(-6)/(-1). Calculate the highest common factor of m and 21.
3
Suppose 7*g = 3*g + j + 7, -2*g = 4*j - 26. Let s be (1/g)/(2/6) + 17. Calculate the greatest common divisor of 18 and s.
18
Let h(n) = 2*n**2 + 13*n - 43. Let i be h(7). What is the greatest common divisor of i and 365?
73
Let s(v) = v**3 - 2*v**2 + 6 + v - 6. Let y be s(3). Let f(o) = 2*o**3 - 22*o**2 + 23*o + 6. Let g be f(10). Calculate the highest common factor of g and y.
12
Let s(m) = -48*m + 2. Let n be s(2). Let q = n - -119. Calculate the highest common factor of 125 and q.
25
Suppose 13 = 4*q - 31. Let r(a) = -2*a**3 - 20*a**2 - 2*a - 9. Let n be r(-10). Calculate the greatest common divisor of q and n.
11
Let c be -2 + (-7)/((-7)/60). Let j = c - 33. Let p(u) = -2*u**3 + 16*u**2 + 16*u + 28. Let w be p(9). Calculate the greatest common divisor of j and w.
5
Let i(c) = -c + 22. Suppose 16 + 14 = -a. Let y be i(a). Let m(v) = 6*v**2 - 5*v + 2. Let j be m(4). What is the highest common factor of j and y?
26
Let p(b) = -8*b - 17. Let t be p(-6). Suppose -4*x - 57 = -2*w + x, t = w - 3*x. What is the greatest common factor of 48 and w?
16
Let s be 1 - (0 - -1)*-137. Let w = 2216 - 2210. What is the greatest common factor of w and s?
6
Suppose -6*g = -8 - 136. What is the highest common factor of 600 and g?
24
Let l be 2163/168 + 1/8. What is the greatest common factor of 1417 and l?
13
Let q(k) = -15*k - 120. Let r be q(-21). Calculate the highest common divisor of 143 and r.
13
Suppose 6*o - 1152 = -18*o. What is the greatest common divisor of 432 and o?
48
Suppose 73 = 5*f - 2. Let x = -6 + f. Let w be (8/(-10))/(3/(-270)). Calculate the greatest common factor of w and x.
9
Let w = 598 + -408. Calculate the greatest common divisor of 5 and w.
5
Let n = 1799 - 1661. What is the greatest common factor of n and 2?
2
Suppose 2*o = -o + 69. Let t = -10745 - -10791. Calculate the highest common divisor of t and o.
23
Suppose 4*r + 20 = 2*r. Let v = r - -16. Let u(s) = 3*s**2 + s + 1. Let t be u(v). Calculate the greatest common divisor of t and 46.
23
Let r = 668 + -588. Let y = 18 - 14. What is the highest common factor of r and y?
4
Suppose o - 4*u + 214 = 3*o, 0 = 4*u - 4. Suppose 180 = -31*j + 37*j. Calculate the highest common factor of j and o.
15
Let h(s) = s**2 + 106*s + 768. Let q be h(-7). What is the highest common factor of q and 735?
15
Suppose -4*f + 3812 = -4*s, f - 3*f + 1922 = 2*s. What is the greatest common factor of 87 and f?
87
Let g = 13 + -9. Suppose -h + 8 = -4*k - 7, -g*k - 4*h - 40 = 0. Let m be k/(-10) - 1/(-2). Calculate the highest common divisor of m and 1.
1
Let i(w) = w**2 - w - 5. Let b be i(0). Let k = b + 7. Suppose 3*y - k*y = 15. Calculate the greatest common divisor of 60 and y.
15
Suppose -3*d + 436 = 76. Calculate the highest common factor of 300 and d.
60
Suppose -90 + 420 = 10*w. Let g = 12 + -9. Suppose -31 = -5*x - 4*j, 2*j = g*x + x - 4. Calculate the highest common factor of x and w.
3
Suppose 2*z = 2*i + 276, -z = -2*z. Let h = 194 + i. Let p = 47 + -33. What is the highest common factor of p and h?
14
Let u(l) be the third derivative of -9*l**4/8 - 2*l**3/3 + 10*l**2. Let d be u(-3). Suppose -4*x = -199 - d. Calculate the greatest common divisor of 23 and x.
23
Suppose 7*w - 106 = 62. Let a be 3/36*2 + 2372/w. Calculate the greatest common factor of 9 and a.
9
Suppose 3*x - 2*a - 14 = -a, 2*x - 4*a = 6. Let q be x - (0/2 - 0). Suppose -n - d = d - 7, -q*n + 17 = d. What is the greatest common divisor of 9 and n?
3
Suppose -61*r = -r - 16320. Calculate the greatest common factor of r and 16.
16
Suppose -2*k + 2*q = -34, 2*q = 3*k - 57 + 9. Calculate the highest common factor of k and 182.
14
Suppose -12 = -3*x - 9. Suppose r - 13 = -2*y + x, -2*y = 5*r - 46. Calculate the highest common factor of 56 and r.
8
Let v be 10/8 - 1 - 5607/(-356). Calculate the greatest common divisor of v and 272.
16
Let i be 25 + (2/(-2)*-10)/(-2). Calculate the greatest common factor of i and 50.
10
Let m be -1 + (-376)/(-2 + 0). Let t be -2*1 - (-4 + 5). Let c be -34*t/6 - 0. What is the greatest common factor of m and c?
17
Suppose -9*u + 1356 = 384. What is the greatest common divisor of 132 and u?
12
Let l = 57 - 57. Suppose 0 = -r - 5*s - 16, -5*s + l*s - 12 = 2*r. What is the highest common factor of r